4/24 - 11*t**3/6 - t**2. Let a = -109 - -103. Give r(a).
-5
Let h(j) = -j**3 - j**2 - 8*j - 1. Let f(a) = a**2. Let l(i) = -6*f(i) + h(i). Give l(-6).
11
Let s(f) be the first derivative of f**5/60 + f**4/24 + 2*f**3/3 + 1. Let h(g) be the third derivative of s(g). Determine h(-3).
-5
Let p(y) be the first derivative of -4 + 0*y + 1/4*y**4 + 3*y**2 + 2*y**3. Suppose -3*l + 2*g - 21 = 0, 8*l - g + 28 = 3*l. Give p(l).
-5
Let t = 20 + -24. Let f(b) = b**3 + 4*b**2 + b. What is f(t)?
-4
Let f(m) be the first derivative of 11*m**2/2 - m - 9. Give f(1).
10
Let c(t) = 2*t - 4. Suppose -24 = 2*f + 2*f. Let d(g) = -1 - 5 + 3*g - g + 1. Let v(x) = f*d(x) + 7*c(x). Calculate v(-2).
-2
Let n(j) = -j**2 - 5*j + 7. Let c = -1 + 17. Let p(g) = -6*g**2 - g**3 - 7*g + 3 - g**2 + c*g. Let a be p(-8). Calculate n(a).
7
Let o(k) = k**3 + 5*k**2 + 5*k + 3. Suppose 2*l + 2 = -2. Let z(c) = -c - 6. Let w be z(-6). Let m be -3 - (-2)/(w + l). What is o(m)?
-1
Let v(c) = -c - 2. Let h(q) = 2*q + 3. Let p(y) = 3*h(y) + 5*v(y). Let f = -6 + 10. Suppose t - j = f*j - 15, -3*j = -5*t - 9. Give p(t).
-1
Let g(k) be the third derivative of k**6/24 - k**5/60 + k**3/6 - 4*k**2. What is g(-1)?
-5
Suppose 11*g - 14*g - 3 = 0. Let h(j) = -2*j**2 + 0*j - j - 5*j**2 - 9*j**2. Determine h(g).
-15
Let h(p) = -4 + 3*p + 2*p - p**3 + 0 + 3*p**2. What is h(3)?
11
Let j be 0/(2/1 - 0). Let q = j - -1. Let n(h) = q - 2 - 2*h + 0. What is n(-1)?
1
Let i(d) = 4*d**3 - d**2 + d - 1. Let t be (6/18)/((-2)/(-30)). Suppose -6*u = -u - t. Determine i(u).
3
Let u(x) be the first derivative of x**2/2 - 9*x - 7. Determine u(7).
-2
Let l(s) = 7*s - 2. Suppose 39 - 45 = 2*p. What is l(p)?
-23
Let t(l) = l**2 - l - 1. Suppose 6*s = 7*s - 5. Let h(m) = 3*m**2 - 5*m - 4. Let z(k) = s*t(k) - h(k). Give z(1).
1
Let c be (-6)/5*(-20)/6. Let k(r) = -r**2 + 4*r - 1. Let h be k(c). Let u(t) = -5*t**3 - t**2. Give u(h).
4
Suppose 12 = 2*a + h, -a + 11 = 3*h - 5*h. Suppose -a*p - 25 = -2*p. Let o(s) = s**3 + 4*s**2 - 4*s - 3. Calculate o(p).
-8
Let a = 19 + -16. Let j(m) = 2*m - 3 + m + 1 - 2*m**2. What is j(a)?
-11
Let t(l) = 5*l**2 - 8*l - 3. Let b(g) = -11*g**2 + 16*g + 7. Let o(r) = -4*b(r) - 9*t(r). Calculate o(4).
15
Let u(r) = r**3 + 8*r**2 + 8*r + 10. Let o be u(-7). Suppose -3*a - o*q = -3, -a - 4*q + 10 = -0*a. Let m(x) = x**2 + x - 1. Calculate m(a).
1
Let f(g) be the second derivative of -g**4/24 + g**3/2 - 3*g**2/2 + 5*g. Let y(x) be the first derivative of f(x). Calculate y(5).
-2
Let d(j) be the third derivative of -j**6/120 + j**5/12 + j**4/3 - 4*j**3/3 + 8*j**2. What is d(6)?
4
Let m(s) be the third derivative of 0*s - 1/12*s**4 - 1/6*s**3 + 0 - 3*s**2. Give m(1).
-3
Let u(f) = f**2 + 13*f + 15. Let x be u(-11). Let p(o) = -o + 4. Determine p(x).
11
Let g(w) = -w**2 + w - 1. Let h be (0 + 0)*(-1)/(-2). Give g(h).
-1
Let l be (10/(-15))/((-1)/3). Let h(v) = l*v - 3*v - 4 + 3*v. What is h(5)?
6
Let t(i) = -10*i**3 + 4*i**2 - 4. Let f(s) = -7*s**3 + 3*s**2 - 3. Let p(o) = -7*f(o) + 5*t(o). Calculate p(2).
-11
Let k(a) = -5*a + 10 - 7 - 4. Let d(f) = -5*f + 4 - 4 + f**2 - 2. Let i be d(5). Calculate k(i).
9
Let d(u) = -u - 1. Suppose 4*a = 3*z - 27, -4*a + 3*a + 4*z = 10. Determine d(a).
5
Let f(q) = -q**2 - 3*q + 6. Let h be f(-5). Suppose o = -2*l + 15, -2*o - 4*l + 35 = l. Let m(p) = 2*p + o + p**2 - 4 + 2*p. Calculate m(h).
1
Suppose 3*m - 1 = 5*m - 3*j, 5*m + 12 = -2*j. Let x(i) = 3*i**2 + 2*i + 3. Calculate x(m).
11
Let o(g) = -g**3 - 2*g**2 + 5*g + 2. Let v = 12 - 15. What is o(v)?
-4
Let p(g) = -g**3 + g**2 - g - 1. Suppose -2*z + 2 = -2*a, 3*a = 4*a - 1. Let m be z + 2/(-4)*0. Determine p(m).
-7
Let s(i) = 3*i**3 + 5*i**2 - 35*i + 18. Let j(u) = 6 - 5*u + 0*u**2 + u**3 - 7*u + 2*u**2. Let k(g) = 17*j(g) - 6*s(g). Suppose -10 = 3*o - 5*o. Determine k(o).
-1
Suppose 4 = 2*n - 8. Let l(d) = d**2 - 6*d - 7. Calculate l(n).
-7
Let p(u) = -3*u. Let g = -2 + 7. Determine p(g).
-15
Suppose 4*b - 3 - 17 = 0. Suppose b*c = c - 8. Let r(h) = 3*h - 1. What is r(c)?
-7
Let l be (-66)/15 + (-4)/(-10). Let v = l - -7. Let d(i) = -2*i**2 + 3 + 2*i - i**3 - v. Give d(-2).
-4
Suppose -2*c = 2*c. Let z be (12/16)/(2/8). Let r(i) = -i**3 + 2 + 2*i**2 - z*i**2 - 6. Give r(c).
-4
Suppose 3*j - 5*d + 3 = 0, 0 = -5*j + 2*d + 3*d - 5. Suppose 4*i = y + 15, 0 = -4*y + 3*y - 3*i + 13. Let s = j + y. Let m(x) = x - 5. What is m(s)?
-5
Let g be (0 - 1)/((-3)/21). Let n(y) = y**2 - 8*y + 9. Give n(g).
2
Let l(c) = -c**2 - c. Let a(j) = 2*j**2 + 3*j + 1. Let p(m) = 2*a(m) + 3*l(m). What is p(-2)?
0
Let n(p) = -p**3 + 4*p**2 + 8*p - 6. Let x be 890/45 + (-2)/(-9). Let r be (x/6)/((-2)/(-3)). Determine n(r).
9
Let v(i) = -i**2 - 3*i + 4. Let z be v(-4). Let p(x) = -x**2 - x + 1. Determine p(z).
1
Suppose u = -u + 6. Let g(w) = 5*w - w - u*w. What is g(0)?
0
Let i(j) = 11*j**3 + 3*j**2 - 2*j + 2. Let g(h) = 6*h**3 + 2*h**2 - h + 1. Let k(x) = 5*g(x) - 3*i(x). What is k(1)?
-2
Let r(p) = -3*p - 2 + 1 + 3 - 1. What is r(-2)?
7
Let b(r) = -r**3 - 7*r**2 + r + 9. Suppose -3*s - 2*y - 31 = 0, -3*y - 6 = -2*s + y. Determine b(s).
2
Let b(s) = s**3 - 3*s**2 + 3*s. Suppose 0*w + 15 = 5*w. Determine b(w).
9
Suppose 0 = d - 5, -4*b + 15 = 2*d - 23. Let j(n) = n**3 - 8*n**2 + 8*n - 10. Determine j(b).
-3
Let w(p) = 2*p**2 + 12*p - 5. Let q(r) = r**2 + 6*r - 2. Let s(c) = -9*q(c) + 4*w(c). Let n = -3 + -6. Let l = n + 5. Calculate s(l).
6
Let a(i) be the third derivative of -i**8/20160 + i**7/1260 - i**6/360 + i**5/15 - i**2. Let y(q) be the third derivative of a(q). Determine y(3).
1
Let a(q) = 4*q + 2 - q**2 - 3*q - 3*q**2 + q**3. Let l be -7*(9/3)/3. Let s = -3 - l. Give a(s).
6
Let o(i) = i**2. Let l(y) = 2*y**2 + y - 4. Let j(g) = -l(g) + o(g). Let z = -6 + 3. Give j(z).
-2
Let r(i) = -11*i - 3 + 18*i - 11*i + 2*i**3. What is r(-2)?
-11
Let c(g) = g - 13. Let a(p) = 1. Let u(w) = -6*a(w) - c(w). Calculate u(-6).
13
Suppose j - 26 = 10. Suppose j = 6*x - 0*x. Let a(q) be the second derivative of q**4/12 - 5*q**3/6 - 5*q**2/2 + q. Determine a(x).
1
Let n(t) = t - 3. Let q be n(5). Let z(b) = -9*b - 7. Let l(m) = 4*m + 3. Suppose -3 = -3*o - 9. Let x(r) = o*z(r) - 5*l(r). Calculate x(q).
-5
Let q(d) be the first derivative of -d**7/840 + d**6/90 + d**5/20 - d**4/4 + 4*d**3/3 - 3. Let c(b) be the third derivative of q(b). Determine c(5).
-1
Let u = 16 - 11. Let v = 5 - -7. Let x(i) = -5*i + 4*i - 1 + v. Give x(u).
6
Suppose -4*j = -5*j. Suppose -2*y + 7 - 1 = 0. Let f = j + y. Let v(a) = -4*a + 3. Give v(f).
-9
Let b(m) = 2*m + 3. Let g(y) = 6*y**2 - 3*y + 3. Let j be g(2). Suppose 0 = 5*c + 3*a + 10, -3*c + 2*a - j = 4. What is b(c)?
-7
Suppose 0 = 3*a - 0*a + 15. Let w(d) = d + 9. Give w(a).
4
Let t(w) = w**3 + 4*w**2 + 5*w - 2. Suppose o + 3*o = -3*r + 21, -15 = -o - 4*r. Let l(h) = 5*h - h - o*h. Let s(k) = -4*l(k) + t(k). Determine s(-4).
-6
Suppose 0 = 7*g - 3*g. Let n(x) be the third derivative of -x**5/60 + x**3/3 - 95*x**2. Give n(g).
2
Suppose -3*q + 0 + 3 = 0. Let n(f) = -5*f - 6 + 6 + 3*f. Determine n(q).
-2
Let h = 3 + -4. Let t(w) = -7*w**3 - 2*w**2 - 2*w - 1. Give t(h).
6
Suppose -12 = 7*j - j. Let u(i) = -15*i**3 + 7*i**2 + 17*i + 4. Let r(z) = 8*z**3 - 4*z**2 - 9*z - 2. Let k(q) = -11*r(q) - 6*u(q). Give k(j).
-4
Let h(b) = -b - 3. Let l be h(-7). Let m(k) = -k + 4. What is m(l)?
0
Let s(k) = -k + 3. Let i(z) be the first derivative of -3 + 0*z - 3/2*z**4 + 0*z**2 - 1/3*z**3. Let b be i(-1). Determine s(b).
-2
Let s(i) = i**3 + 4*i**2 - 4*i + 1. Suppose 2*j = 6, 3*x = -j + 93 - 33. Let t = x - 24. Calculate s(t).
-4
Let g(h) = h**3 - 5*h**2 + 4*h. Let w be g(4). Suppose w*l + 4*l - 100 = 0. Let m be 3/5 - 15/l. Let x(a) = a + 1. Give x(m).
1
Suppose -2*i = 5*o - 4, o - 2*i = -i + 5. Let b be (4/5)/(o/(-15)). Let a(r) = r**3 + 6*r**2 - r - 4. Give a(b).
2
Let q(z) = -2*z - 1. Let g(i) = i**2 - 6*i + 5. Let c be g(6). Let y(o) = -o + 7. Let a be y(c). Determine q(a).
-5
Let p(n) = n. Let s(k) = k**2 - 12*k + 5. Let c(i) = -6*p(i) - s(i). Let b(j) = 11*j**2 + 110*j + 6. Let q be b(-10). Give c(q).
-5
Let c = 5 + -2. Suppose -c*h - h = 0. Suppose h = 5*p, 0*v + 4*p = v - 4. Let b(u) = -u**2 + u + 3. Determine b(v).
-9
Let h(q) = -3 + 6 - 2*q**2 - 3 - 4*q. Let g be (-1)/(-2) - 14/4. What is h(g)?
-6
Let h(d) be the